{"id":19,"date":"2024-06-20T13:59:22","date_gmt":"2024-06-20T13:59:22","guid":{"rendered":"https:\/\/cybix.de\/?page_id=19"},"modified":"2024-06-20T14:05:25","modified_gmt":"2024-06-20T14:05:25","slug":"uber-uns","status":"publish","type":"page","link":"https:\/\/cybix.de\/?page_id=19","title":{"rendered":"\u00dcber uns"},"content":{"rendered":"\n<p>Hallo und willkommen bei Cybix, deinem neuen Lieblingsort im Netz, wenn es um spannende und hilfreiche Informationen geht. Seit unserer Gr\u00fcndung dreht sich bei uns alles darum, Wissen zug\u00e4nglich und verst\u00e4ndlich zu machen. Wir decken eine breite Palette von Themen ab, immer mit dem Ziel, dir nicht nur Fakten, sondern echtes Verst\u00e4ndnis und n\u00fctzliche Einsichten zu bieten.<\/p>\n\n\n\n<p>Bei Cybix glauben wir, dass jeder die Chance haben sollte, etwas Neues zu lernen und sich weiterzuentwickeln. Egal, ob du tiefgr\u00fcndige Artikel suchst, schnelle Tipps oder detaillierte Anleitungen, wir haben f\u00fcr jeden etwas dabei. Uns ist wichtig, dass unsere Inhalte nicht nur informieren, sondern auch inspirieren.<\/p>\n\n\n\n<p>Wir laden dich ein, Teil unserer Community zu werden. Teile deine Gedanken, schlage Themen vor und diskutiere mit anderen Lesern. Dein Beitrag hilft uns, Cybix jeden Tag ein bisschen besser zu machen.<\/p>\n\n\n\n<p>Danke, dass du vorbeischaust. Wir hoffen, du findest, was du suchst und vielleicht sogar mehr. Entdecke mit uns die Welt von Cybix \u2013 lernen, verstehen, anwenden!<\/p>\n\n\n\n<p><\/p>\n\n\n\n<hr class=\"wp-block-separator has-alpha-channel-opacity\"\/>\n","protected":false},"excerpt":{"rendered":"<p>Hallo und willkommen bei Cybix, deinem neuen Lieblingsort im Netz, wenn es um spannende und hilfreiche Informationen geht. Seit unserer Gr\u00fcndung dreht sich bei uns alles darum, Wissen zug\u00e4nglich und verst\u00e4ndlich zu machen. Wir decken eine breite Palette von Themen ab, immer mit dem Ziel, dir nicht nur Fakten, sondern echtes Verst\u00e4ndnis und n\u00fctzliche Einsichten [&hellip;]<\/p>\n","protected":false},"author":1,"featured_media":0,"parent":0,"menu_order":0,"comment_status":"closed","ping_status":"closed","template":"","meta":{"footnotes":""},"class_list":["post-19","page","type-page","status-publish","hentry"],"_links":{"self":[{"href":"https:\/\/cybix.de\/index.php?rest_route=\/wp\/v2\/pages\/19","targetHints":{"allow":["GET"]}}],"collection":[{"href":"https:\/\/cybix.de\/index.php?rest_route=\/wp\/v2\/pages"}],"about":[{"href":"https:\/\/cybix.de\/index.php?rest_route=\/wp\/v2\/types\/page"}],"author":[{"embeddable":true,"href":"https:\/\/cybix.de\/index.php?rest_route=\/wp\/v2\/users\/1"}],"replies":[{"embeddable":true,"href":"https:\/\/cybix.de\/index.php?rest_route=%2Fwp%2Fv2%2Fcomments&post=19"}],"version-history":[{"count":4,"href":"https:\/\/cybix.de\/index.php?rest_route=\/wp\/v2\/pages\/19\/revisions"}],"predecessor-version":[{"id":24,"href":"https:\/\/cybix.de\/index.php?rest_route=\/wp\/v2\/pages\/19\/revisions\/24"}],"wp:attachment":[{"href":"https:\/\/cybix.de\/index.php?rest_route=%2Fwp%2Fv2%2Fmedia&parent=19"}],"curies":[{"name":"wp","href":"https:\/\/api.w.org\/{rel}","templated":true}]}}